{"id":65,"date":"2013-10-09T09:52:37","date_gmt":"2013-10-09T09:52:37","guid":{"rendered":"http:\/\/mercat.copia.loc\/?page_id=65"},"modified":"2026-01-15T13:00:43","modified_gmt":"2026-01-15T13:00:43","slug":"mercat","status":"publish","type":"page","link":"https:\/\/www.mercatflor.cat\/fr\/","title":{"rendered":"Mercat"},"content":{"rendered":"\n<div class=\"alignnormal\"><div id=\"metaslider-id-14955\" style=\"width: 100%;\" class=\"ml-slider-3-101-0 metaslider metaslider-flex metaslider-14955 ml-slider ms-theme-default-base nav-hidden\" role=\"region\" aria-label=\"Home Franc\u00e8s\" data-height=\"300\" data-width=\"700\">\n    <div id=\"metaslider_container_14955\">\n        <div id=\"metaslider_14955\">\n            <ul class='slides'>\n                <li style=\"display: block; width: 100%;\" class=\"slide-15399 ms-image \" aria-roledescription=\"slide\" data-date=\"2026-04-02 11:05:45\"><img loading=\"lazy\" decoding=\"async\" src=\"https:\/\/www.mercatflor.cat\/wp-content\/uploads\/2025\/03\/Banner-Primavera-FR-700x300.jpg\" height=\"300\" width=\"700\" alt=\"\" class=\"slider-14955 slide-15399 msDefaultImage\" title=\"Banner Primavera FR\" \/><\/li>\n                <li style=\"display: none; width: 100%;\" class=\"slide-15178 ms-image \" aria-roledescription=\"slide\" data-date=\"2025-09-22 10:37:00\"><img loading=\"lazy\" decoding=\"async\" src=\"https:\/\/www.mercatflor.cat\/wp-content\/uploads\/2021\/07\/Banner-Horari-jul21-FR-1-700x300.png\" height=\"300\" width=\"700\" alt=\"\" class=\"slider-14955 slide-15178 msDefaultImage\" title=\"Banner Horari jul21 FR\" \/><\/li>\n                <li style=\"display: none; width: 100%;\" class=\"slide-14958 ms-image \" aria-roledescription=\"slide\" data-date=\"2025-01-17 16:59:11\"><img loading=\"lazy\" decoding=\"async\" src=\"https:\/\/www.mercatflor.cat\/wp-content\/uploads\/2021\/07\/Banner-El-Mercat-700x300.png\" height=\"300\" width=\"700\" alt=\"\" class=\"slider-14955 slide-14958 msDefaultImage\" title=\"Banner El Mercat\" \/><\/li>\n                <li style=\"display: none; width: 100%;\" class=\"slide-14959 ms-image \" aria-roledescription=\"slide\" data-date=\"2025-01-17 16:59:11\"><img loading=\"lazy\" decoding=\"async\" src=\"https:\/\/www.mercatflor.cat\/wp-content\/uploads\/2022\/06\/Banner-CDA-Estiu22-700x300.jpg\" height=\"300\" width=\"700\" alt=\"\" class=\"slider-14955 slide-14959 msDefaultImage\" title=\"Banner CDA Estiu22\" \/><\/li>\n            <\/ul>\n        <\/div>\n        \n    <\/div>\n<\/div><\/div>\n\n\n<div id=\"contingut_home\">\n<div class=\"row\">\n<div id=\"presentacio\" class=\"col-xs-12 col-md-8\">\n<h2 style=\"text-align: center;\">Nous sommes le premier march\u00e9 de gros professionnel en Espagne\u00a0dans le commerce des fleurs et des plantes ornementales d&rsquo;origine.\u00a0Concernant le sud de l&rsquo;Europe.<\/h2>\n<h2 style=\"text-align: center;\"><strong><span style=\"color: #000000;\">NOUS SOMMES OUVERTS LUNDI &#8211; MERCREDI &#8211; VENDREDI<\/span><\/strong><\/h2>\n<h2 style=\"text-align: center;\">HORAIRES DE 8H00 \u00c0 13H00<\/h2>\n<h2 style=\"text-align: center;\"><strong><span style=\"color: #000000;\">Plus d&rsquo;informations : T\u00e9l. 937 500 000<\/span><\/strong><\/h2>\n<\/div>\n<div id=\"links_home\" class=\"col-xs-12 col-md-4\">\n<h3><em>Un mod\u00e8le au sud de l\u2019Europe<\/em><\/h3>\n<ul>\n<li><a href=\"https:\/\/www.mercatflor.cat\/fr\/vente-directe\/\"><img decoding=\"async\" src=\"\/wp-content\/uploads\/2013\/10\/plus.png\" alt=\"\" \/>Vente directe<\/a><\/li>\n<li><a href=\"https:\/\/www.mercatflor.cat\/fr\/vente-directe\/avantages\/\"><img decoding=\"async\" src=\"\/wp-content\/uploads\/2013\/10\/plus.png\" alt=\"\" \/>Un tas d&rsquo;avantages<\/a><\/li>\n<li><a title=\"CAlendrier du Mercat 2015\" href=\"http:\/\/www.mercatflor.cat\/wp-content\/uploads\/2015\/02\/2015-mercats-i-venda-FR.pdf\" target=\"_blank\" rel=\"noopener noreferrer\"><img decoding=\"async\" src=\"\/wp-content\/uploads\/2013\/10\/plus.png\" alt=\"\" \/><\/a><a href=\"https:\/\/www.mercatflor.cat\/wp-content\/uploads\/2026\/01\/2026-Mercats-FR.pdf\" target=\"_blank\" rel=\"noopener\">Calendrier du Mercat 2026<\/a><\/li>\n<li><a title=\"CAlendrier du Mercat 2015\" href=\"http:\/\/www.mercatflor.cat\/wp-content\/uploads\/2015\/02\/2015-mercats-i-venda-FR.pdf\" target=\"_blank\" rel=\"noopener noreferrer\"><img decoding=\"async\" src=\"\/wp-content\/uploads\/2013\/10\/plus.png\" alt=\"\" \/><\/a><a href=\"https:\/\/www.mercatflor.cat\/wp-content\/uploads\/2026\/01\/MERCAT-TRIPTIC-CARNETSFR.pdf\" target=\"_blank\" rel=\"noopener\">Comment devenir acheteur?<\/a><\/li>\n<\/ul>\n<\/div>\n<\/div>\n<\/div>\n<div class=\"row\">\n<div id=\"tecniques\" class=\"col-xs-12 col-md-4\">\n<p><img decoding=\"async\" src=\"\/wp-content\/uploads\/2013\/11\/aeri_mercat_actual.jpg\" alt=\"\" \/><\/p>\n<h3>Caract\u00e9ristiques techniques<\/h3>\n<p>64.662 m2 de superficie dont 16.648 m2 b\u00e2tis. 7.848 m2 de vente directe, distribu\u00e9s en 300 stands de vente de fleurs et de plantes ornementales de 12 m2 chacun et 45 boutiques d\u2019accessoires sur 18 et 24 m2. Un b\u00e2timent annexe de 4.700 m2 pour les entreprises du secteur de production et commercialisation. 1.100 m2 distribu\u00e9s en 55 locaux ext\u00e9rieurs pour entreprises de services compl\u00e9mentaires et 3000 m2 distribu\u00e9s en 12 locaux d\u2019activit\u00e9 commerciale dans la zone des services et \u00e9quipements. 16.000 m2 de parking pour les usagers du Mercat. Des bureaux du Minist\u00e8re Catalan de l\u2019Agriculture, de la Generalitat de Catalunya et d\u2019autres associations.<\/p>\n<\/div>\n<div id=\"historic\" class=\"col-xs-12 col-md-4\">\n<p><img decoding=\"async\" src=\"\/wp-content\/uploads\/2013\/11\/aeri_mercat_inicis.jpg\" alt=\"\" \/><\/p>\n<h3>Histoire<\/h3>\n<p>Le secteur s\u2019installe en 1925 \u00e0 Vilassar de Mar avec les premiers gros arrivages d\u2019oeillets italiens. La premi\u00e8re grande expansion a lieu dans les ann\u00e9es 60, moment o\u00f9 la fleur du Maresme arrive en force sur les march\u00e9s europ\u00e9ens. La cr\u00e9ation du Mercat de Flor i Planta Ornamental de Catalunya en 1983 r\u00e9pond au d\u00e9sir de soutenir la volont\u00e9 de modernisation du secteur agricole catalan et espagnol.<\/p>\n<\/div>\n<div id=\"geografic\" class=\"col-xs-12 col-md-4\">\n<p><img decoding=\"async\" src=\"\/wp-content\/uploads\/2013\/11\/mapa_ubicacio.jpg\" alt=\"\" \/><\/p>\n<h3>Cadre g\u00e9ographique<\/h3>\n<p>Le Maresme est une r\u00e9gion de la province de Barcelone qui commence \u00e0 dix kilom\u00e8tres au nord-est de Barcelone et s\u2019\u00e9tend entre la M\u00e9diterran\u00e9e et la cha\u00eene de montagnes du Littoral.<br \/>La r\u00e9gion est bien communiqu\u00e9e avec l&rsquo;Europe du Sud. Le climat typiquement m\u00e9diterran\u00e9en, alli\u00e9 \u00e0 la fertilit\u00e9 des terres alluviales du Maresme, joue en faveur de l\u2019\u00e9volution et de la richesse agricole de la contr\u00e9e. Le Mercat se trouve ainsi au coeur m\u00eame d\u2019une zone de production traditionnelle et consolid\u00e9e.<\/p>\n<\/div>\n<\/div>\n<div id=\"pdf_home\"><a title=\"Dossier Corporatif du Mercat\" href=\"http:\/\/www.mercatflor.cat\/wp-content\/uploads\/2015\/02\/CAT\u00c0LEG-MERCAT-OK.pdf\" target=\"_blank\" rel=\"noopener noreferrer\">Dossier corporatif<\/a><\/div>\n<div id=\"noticies_home\">\n<h1><a href=\"http:\/\/www.mercatflor.cat\/fr\/category\/nouvelles\/\">Nouvelles<\/a><\/h1>\n<\/div>\n<div id=\"doble_separador_gris\">\u00a0<\/div>","protected":false},"excerpt":{"rendered":"<p>Nous sommes le premier march\u00e9 de gros professionnel en Espagne\u00a0dans le commerce des fleurs et des plantes ornementales d&rsquo;origine.\u00a0Concernant le sud de l&rsquo;Europe. NOUS SOMMES OUVERTS LUNDI &#8211; MERCREDI &#8211; VENDREDI HORAIRES DE 8H00 \u00c0 13H00 Plus d&rsquo;informations : T\u00e9l. 937 500 000 Un mod\u00e8le au sud de l\u2019Europe Vente directe Un tas d&rsquo;avantages Calendrier [&hellip;]<\/p>\n","protected":false},"author":6,"featured_media":0,"parent":0,"menu_order":0,"comment_status":"closed","ping_status":"closed","template":"","meta":{"footnotes":""},"class_list":["post-65","page","type-page","status-publish","hentry"],"aioseo_notices":[],"_links":{"self":[{"href":"https:\/\/www.mercatflor.cat\/fr\/wp-json\/wp\/v2\/pages\/65","targetHints":{"allow":["GET"]}}],"collection":[{"href":"https:\/\/www.mercatflor.cat\/fr\/wp-json\/wp\/v2\/pages"}],"about":[{"href":"https:\/\/www.mercatflor.cat\/fr\/wp-json\/wp\/v2\/types\/page"}],"author":[{"embeddable":true,"href":"https:\/\/www.mercatflor.cat\/fr\/wp-json\/wp\/v2\/users\/6"}],"replies":[{"embeddable":true,"href":"https:\/\/www.mercatflor.cat\/fr\/wp-json\/wp\/v2\/comments?post=65"}],"version-history":[{"count":77,"href":"https:\/\/www.mercatflor.cat\/fr\/wp-json\/wp\/v2\/pages\/65\/revisions"}],"predecessor-version":[{"id":15288,"href":"https:\/\/www.mercatflor.cat\/fr\/wp-json\/wp\/v2\/pages\/65\/revisions\/15288"}],"wp:attachment":[{"href":"https:\/\/www.mercatflor.cat\/fr\/wp-json\/wp\/v2\/media?parent=65"}],"curies":[{"name":"wp","href":"https:\/\/api.w.org\/{rel}","templated":true}]}}

<div class="alignnormal"><div id="metaslider-id-14955" style="width: 100%;" class="ml-slider-3-101-0 metaslider metaslider-flex metaslider-14955 ml-slider ms-theme-default-base nav-hidden" role="region" aria-label="Home Francès" data-height="300" data-width="700">
    <div id="metaslider_container_14955">
        <div id="metaslider_14955">
            <ul class='slides'>
                <li style="display: block; width: 100%;" class="slide-15399 ms-image " aria-roledescription="slide" data-date="2026-04-02 11:05:45"><img loading="lazy" decoding="async" src="https://www.mercatflor.cat/wp-content/uploads/2025/03/Banner-Primavera-FR-700x300.jpg" height="300" width="700" alt="" class="slider-14955 slide-15399 msDefaultImage" title="Banner Primavera FR" /></li>
                <li style="display: none; width: 100%;" class="slide-15178 ms-image " aria-roledescription="slide" data-date="2025-09-22 10:37:00"><img loading="lazy" decoding="async" src="https://www.mercatflor.cat/wp-content/uploads/2021/07/Banner-Horari-jul21-FR-1-700x300.png" height="300" width="700" alt="" class="slider-14955 slide-15178 msDefaultImage" title="Banner Horari jul21 FR" /></li>
                <li style="display: none; width: 100%;" class="slide-14958 ms-image " aria-roledescription="slide" data-date="2025-01-17 16:59:11"><img loading="lazy" decoding="async" src="https://www.mercatflor.cat/wp-content/uploads/2021/07/Banner-El-Mercat-700x300.png" height="300" width="700" alt="" class="slider-14955 slide-14958 msDefaultImage" title="Banner El Mercat" /></li>
                <li style="display: none; width: 100%;" class="slide-14959 ms-image " aria-roledescription="slide" data-date="2025-01-17 16:59:11"><img loading="lazy" decoding="async" src="https://www.mercatflor.cat/wp-content/uploads/2022/06/Banner-CDA-Estiu22-700x300.jpg" height="300" width="700" alt="" class="slider-14955 slide-14959 msDefaultImage" title="Banner CDA Estiu22" /></li>
            </ul>
        </div>
        
    </div>
</div></div>


<div id="contingut_home">
<div class="row">
<div id="presentacio" class="col-xs-12 col-md-8">
<h2 style="text-align: center;">Nous sommes le premier marché de gros professionnel en Espagne dans le commerce des fleurs et des plantes ornementales d&rsquo;origine. Concernant le sud de l&rsquo;Europe.</h2>
<h2 style="text-align: center;"><strong><span style="color: #000000;">NOUS SOMMES OUVERTS LUNDI &#8211; MERCREDI &#8211; VENDREDI</span></strong></h2>
<h2 style="text-align: center;">HORAIRES DE 8H00 À 13H00</h2>
<h2 style="text-align: center;"><strong><span style="color: #000000;">Plus d&rsquo;informations : Tél. 937 500 000</span></strong></h2>
</div>
<div id="links_home" class="col-xs-12 col-md-4">
<h3><em>Un modèle au sud de l’Europe</em></h3>
<ul>
<li><a href="https://www.mercatflor.cat/fr/vente-directe/"><img decoding="async" src="/wp-content/uploads/2013/10/plus.png" alt="" />Vente directe</a></li>
<li><a href="https://www.mercatflor.cat/fr/vente-directe/avantages/"><img decoding="async" src="/wp-content/uploads/2013/10/plus.png" alt="" />Un tas d&rsquo;avantages</a></li>
<li><a title="CAlendrier du Mercat 2015" href="http://www.mercatflor.cat/wp-content/uploads/2015/02/2015-mercats-i-venda-FR.pdf" target="_blank" rel="noopener noreferrer"><img decoding="async" src="/wp-content/uploads/2013/10/plus.png" alt="" /></a><a href="https://www.mercatflor.cat/wp-content/uploads/2026/01/2026-Mercats-FR.pdf" target="_blank" rel="noopener">Calendrier du Mercat 2026</a></li>
<li><a title="CAlendrier du Mercat 2015" href="http://www.mercatflor.cat/wp-content/uploads/2015/02/2015-mercats-i-venda-FR.pdf" target="_blank" rel="noopener noreferrer"><img decoding="async" src="/wp-content/uploads/2013/10/plus.png" alt="" /></a><a href="https://www.mercatflor.cat/wp-content/uploads/2026/01/MERCAT-TRIPTIC-CARNETSFR.pdf" target="_blank" rel="noopener">Comment devenir acheteur?</a></li>
</ul>
</div>
</div>
</div>
<div class="row">
<div id="tecniques" class="col-xs-12 col-md-4">
<p><img decoding="async" src="/wp-content/uploads/2013/11/aeri_mercat_actual.jpg" alt="" /></p>
<h3>Caractéristiques techniques</h3>
<p>64.662 m2 de superficie dont 16.648 m2 bâtis. 7.848 m2 de vente directe, distribués en 300 stands de vente de fleurs et de plantes ornementales de 12 m2 chacun et 45 boutiques d’accessoires sur 18 et 24 m2. Un bâtiment annexe de 4.700 m2 pour les entreprises du secteur de production et commercialisation. 1.100 m2 distribués en 55 locaux extérieurs pour entreprises de services complémentaires et 3000 m2 distribués en 12 locaux d’activité commerciale dans la zone des services et équipements. 16.000 m2 de parking pour les usagers du Mercat. Des bureaux du Ministère Catalan de l’Agriculture, de la Generalitat de Catalunya et d’autres associations.</p>
</div>
<div id="historic" class="col-xs-12 col-md-4">
<p><img decoding="async" src="/wp-content/uploads/2013/11/aeri_mercat_inicis.jpg" alt="" /></p>
<h3>Histoire</h3>
<p>Le secteur s’installe en 1925 à Vilassar de Mar avec les premiers gros arrivages d’oeillets italiens. La première grande expansion a lieu dans les années 60, moment où la fleur du Maresme arrive en force sur les marchés européens. La création du Mercat de Flor i Planta Ornamental de Catalunya en 1983 répond au désir de soutenir la volonté de modernisation du secteur agricole catalan et espagnol.</p>
</div>
<div id="geografic" class="col-xs-12 col-md-4">
<p><img decoding="async" src="/wp-content/uploads/2013/11/mapa_ubicacio.jpg" alt="" /></p>
<h3>Cadre géographique</h3>
<p>Le Maresme est une région de la province de Barcelone qui commence à dix kilomètres au nord-est de Barcelone et s’étend entre la Méditerranée et la chaîne de montagnes du Littoral.<br />La région est bien communiquée avec l&rsquo;Europe du Sud. Le climat typiquement méditerranéen, allié à la fertilité des terres alluviales du Maresme, joue en faveur de l’évolution et de la richesse agricole de la contrée. Le Mercat se trouve ainsi au coeur même d’une zone de production traditionnelle et consolidée.</p>
</div>
</div>
<div id="pdf_home"><a title="Dossier Corporatif du Mercat" href="http://www.mercatflor.cat/wp-content/uploads/2015/02/CATÀLEG-MERCAT-OK.pdf" target="_blank" rel="noopener noreferrer">Dossier corporatif</a></div>
<div id="noticies_home">
<h1><a href="http://www.mercatflor.cat/fr/category/nouvelles/">Nouvelles</a></h1>
</div>
<div id="doble_separador_gris"> </div>

<p>Nous sommes le premier marché de gros professionnel en Espagne dans le commerce des fleurs et des plantes ornementales d&rsquo;origine. Concernant le sud de l&rsquo;Europe. NOUS SOMMES OUVERTS LUNDI &#8211; MERCREDI &#8211; VENDREDI HORAIRES DE 8H00 À 13H00 Plus d&rsquo;informations : Tél. 937 500 000 Un modèle au sud de l’Europe Vente directe Un tas d&rsquo;avantages Calendrier [&hellip;]</p>
