{"id":586,"date":"2013-11-20T09:43:38","date_gmt":"2013-11-20T09:43:38","guid":{"rendered":"http:\/\/test.mercatflor.cat\/?page_id=586"},"modified":"2022-04-27T10:06:19","modified_gmt":"2022-04-27T10:06:19","slug":"visites-sur-rendez","status":"publish","type":"page","link":"https:\/\/www.mercatflor.cat\/fr\/activites\/visites-sur-rendez\/","title":{"rendered":"Visites sur rendez"},"content":{"rendered":"<div id=\"content_page_title\">\n<div class=\"row\">\n<div id=\"header_image\"><img decoding=\"async\" src=\"\/wp-content\/uploads\/2013\/11\/header_activitats.jpg\" alt=\"\" \/><\/div>\n<div id=\"titol_pagina\" class=\"col-md-3 col-xs-9\">\n<p>Visites sur rendez<\/p>\n<\/div>\n<div id=\"doble_separador_gris\" class=\"col-md-9 col-xs-3\"><\/div>\n<p><!-- #content_page_title--><\/p>\n<div id=\"text_tallers\" class=\"col-xs-12\">\n<p>Chaque jour de la vente directe, le Mercat de Flor i Planta Ornamental ouvre ses portes pour accueillir la visite de groupes et d&rsquo;\u00e9coles, int\u00e9ress\u00e9s \u00e0 conna\u00eetre le fonctionnement du march\u00e9 et \u00e0 le voir dans une pleine activit\u00e9.<\/p>\n<p>En premier lieu, nous leur offre la projection de l&rsquo;audiovisuel que explique l&rsquo;histoire du Mercat et du secteur de la floriculture et d&rsquo;horticulture ornementale, le syst\u00e8me de vente est comment\u00e9, et quelques aspects d&rsquo;int\u00e9r\u00eat g\u00e9n\u00e9ral sur son fonctionnement.<\/p>\n<p>Ensuite, depuis des passerelles \u00e9lev\u00e9es ces groupes peuvent observer les transactions qui sont r\u00e9alis\u00e9es dans la vente directe, o\u00f9 les producteurs et les grossistes vendent ses produits \u00e0 les fleuristes et les professionnels du secteur.<\/p>\n<p>Et pour finir la visite, le Mercat offre \u00e0 ses visiteurs une plante de saison.<\/p>\n<\/div>\n<div class=\"col-md-8 col-xs-12\"><span style=\"font-size: 11pt;\"><span style=\"color: #cf2f23;\"><strong>Dur\u00e9e:<\/strong><\/span>\u00a045 min<\/span><\/p>\n<p><span style=\"font-size: 11pt;\"><span style=\"color: #cf2f23;\"><strong>Jours de visite:\u00a0<\/strong><\/span>Lundi, Mercredi et Vendredi<\/span><\/p>\n<p><span style=\"font-size: 11pt;\"><span style=\"color: #cf2f23;\"><strong>Horaire:\u00a0<\/strong><\/span>Des matins \u00e0 10 heures ou \u00e0 11 heures<\/span><\/p>\n<p><span style=\"font-size: 11pt; color: #cf2f23;\"><strong>Prix par personne:<\/strong><\/span><\/p>\n<p><span style=\"font-size: 11pt;\"><strong>3\u20ac<\/strong> (comprend le cadeau d&rsquo;une plante saisonni\u00e8re)<\/span><\/p>\n<p><span style=\"font-size: 11pt;\"><span style=\"color: #cf2f23;\"><strong>Personne \u00e0 contacter:<\/strong>\u00a0<\/span>M\u00aa. Carmen Cruz &#8211; <a href=\"mailto:visita@mercatflor.cat\">visita@mercatflor.cat<\/a><\/span><\/p>\n<p><em>Ne sont pas autoris\u00e9s les visites que ne sont pas dispos\u00e9s \u00e0 l&rsquo;avance. Dans tous les cas, c\u2019est interdit d&rsquo;acc\u00e9der \u00e0 la vente directe pour acheter des fleurs ou des plantes. L\u2019entr\u00e9e est exclusive par les professionnels de l&rsquo;industrie.<\/em><\/p>\n<\/div>\n<div class=\"col-md-4 col-xs-12\"><img decoding=\"async\" src=\"\/wp-content\/uploads\/2013\/10\/visitesguiades.jpg\" alt=\"\" width=\"auto\" \/><\/div>\n<\/div>\n<\/div>\n","protected":false},"excerpt":{"rendered":"<p>Visites sur rendez Chaque jour de la vente directe, le Mercat de Flor i Planta Ornamental ouvre ses portes pour accueillir la visite de groupes et d&rsquo;\u00e9coles, int\u00e9ress\u00e9s \u00e0 conna\u00eetre le fonctionnement du march\u00e9 et \u00e0 le voir dans une pleine activit\u00e9. En premier lieu, nous leur offre la projection de l&rsquo;audiovisuel que explique l&rsquo;histoire [&hellip;]<\/p>\n","protected":false},"author":6,"featured_media":0,"parent":564,"menu_order":0,"comment_status":"closed","ping_status":"closed","template":"page_without_news.php","meta":{"footnotes":""},"class_list":["post-586","page","type-page","status-publish","hentry"],"aioseo_notices":[],"_links":{"self":[{"href":"https:\/\/www.mercatflor.cat\/fr\/wp-json\/wp\/v2\/pages\/586","targetHints":{"allow":["GET"]}}],"collection":[{"href":"https:\/\/www.mercatflor.cat\/fr\/wp-json\/wp\/v2\/pages"}],"about":[{"href":"https:\/\/www.mercatflor.cat\/fr\/wp-json\/wp\/v2\/types\/page"}],"author":[{"embeddable":true,"href":"https:\/\/www.mercatflor.cat\/fr\/wp-json\/wp\/v2\/users\/6"}],"replies":[{"embeddable":true,"href":"https:\/\/www.mercatflor.cat\/fr\/wp-json\/wp\/v2\/comments?post=586"}],"version-history":[{"count":11,"href":"https:\/\/www.mercatflor.cat\/fr\/wp-json\/wp\/v2\/pages\/586\/revisions"}],"predecessor-version":[{"id":13577,"href":"https:\/\/www.mercatflor.cat\/fr\/wp-json\/wp\/v2\/pages\/586\/revisions\/13577"}],"up":[{"embeddable":true,"href":"https:\/\/www.mercatflor.cat\/fr\/wp-json\/wp\/v2\/pages\/564"}],"wp:attachment":[{"href":"https:\/\/www.mercatflor.cat\/fr\/wp-json\/wp\/v2\/media?parent=586"}],"curies":[{"name":"wp","href":"https:\/\/api.w.org\/{rel}","templated":true}]}}

<div id="content_page_title">
<div class="row">
<div id="header_image"><img decoding="async" src="/wp-content/uploads/2013/11/header_activitats.jpg" alt="" /></div>
<div id="titol_pagina" class="col-md-3 col-xs-9">
<p>Visites sur rendez</p>
</div>
<div id="doble_separador_gris" class="col-md-9 col-xs-3"></div>
<p><!-- #content_page_title--></p>
<div id="text_tallers" class="col-xs-12">
<p>Chaque jour de la vente directe, le Mercat de Flor i Planta Ornamental ouvre ses portes pour accueillir la visite de groupes et d&rsquo;écoles, intéressés à connaître le fonctionnement du marché et à le voir dans une pleine activité.</p>
<p>En premier lieu, nous leur offre la projection de l&rsquo;audiovisuel que explique l&rsquo;histoire du Mercat et du secteur de la floriculture et d&rsquo;horticulture ornementale, le système de vente est commenté, et quelques aspects d&rsquo;intérêt général sur son fonctionnement.</p>
<p>Ensuite, depuis des passerelles élevées ces groupes peuvent observer les transactions qui sont réalisées dans la vente directe, où les producteurs et les grossistes vendent ses produits à les fleuristes et les professionnels du secteur.</p>
<p>Et pour finir la visite, le Mercat offre à ses visiteurs une plante de saison.</p>
</div>
<div class="col-md-8 col-xs-12"><span style="font-size: 11pt;"><span style="color: #cf2f23;"><strong>Durée:</strong></span> 45 min</span></p>
<p><span style="font-size: 11pt;"><span style="color: #cf2f23;"><strong>Jours de visite: </strong></span>Lundi, Mercredi et Vendredi</span></p>
<p><span style="font-size: 11pt;"><span style="color: #cf2f23;"><strong>Horaire: </strong></span>Des matins à 10 heures ou à 11 heures</span></p>
<p><span style="font-size: 11pt; color: #cf2f23;"><strong>Prix par personne:</strong></span></p>
<p><span style="font-size: 11pt;"><strong>3€</strong> (comprend le cadeau d&rsquo;une plante saisonnière)</span></p>
<p><span style="font-size: 11pt;"><span style="color: #cf2f23;"><strong>Personne à contacter:</strong> </span>Mª. Carmen Cruz &#8211; <a href="mailto:visita@mercatflor.cat">visita@mercatflor.cat</a></span></p>
<p><em>Ne sont pas autorisés les visites que ne sont pas disposés à l&rsquo;avance. Dans tous les cas, c’est interdit d&rsquo;accéder à la vente directe pour acheter des fleurs ou des plantes. L’entrée est exclusive par les professionnels de l&rsquo;industrie.</em></p>
</div>
<div class="col-md-4 col-xs-12"><img decoding="async" src="/wp-content/uploads/2013/10/visitesguiades.jpg" alt="" width="auto" /></div>
</div>
</div>

<p>Visites sur rendez Chaque jour de la vente directe, le Mercat de Flor i Planta Ornamental ouvre ses portes pour accueillir la visite de groupes et d&rsquo;écoles, intéressés à connaître le fonctionnement du marché et à le voir dans une pleine activité. En premier lieu, nous leur offre la projection de l&rsquo;audiovisuel que explique l&rsquo;histoire [&hellip;]</p>
