{"id":573,"date":"2013-11-20T09:39:25","date_gmt":"2013-11-20T09:39:25","guid":{"rendered":"http:\/\/test.mercatflor.cat\/activites\/saints-calendar\/"},"modified":"2019-11-04T16:04:58","modified_gmt":"2019-11-04T16:04:58","slug":"saints-calendar","status":"publish","type":"page","link":"https:\/\/www.mercatflor.cat\/fr\/activites\/saints-calendar\/","title":{"rendered":"Martyrologes"},"content":{"rendered":"<div id=\"header_image\"><img decoding=\"async\" src=\"\/wp-content\/uploads\/2013\/11\/header_activitats.jpg\" \/><\/div>\n<div id=\"content_page_title\">\n<div class=\"row\">\n<div id=\"titol_pagina\" class=\"col-xs-12 col-md-3\">\n<p>Martyrologes<\/p>\n<\/div>\n\n<div id=\"doble_separador_gris_titol col-md-9\"><\/div>\n<\/div>\n<div class=\"col-xs-12\" style=\"margin-bottom: 25px;\">\n<p><span style=\"color: #000000;\">Cette ann\u00e9e les Martyrologes sont trimestrielles! Cliquez sur les images et vous verrez les martyrologes plus grands.<\/span><\/p>\n<p><em>Si vous voulez une copie imprim\u00e9e pour votre magasin de fleurs ou jardinerie, vous pouvez passer par le march\u00e9 pour le chercher! (Vous devez \u00eatre enregistr\u00e9 et avoir votre carte d\u2019acheteur.)<\/em><\/p>\n<\/div>\n<p><em>Ces calendriers sont seulement \u00e9dit\u00e9es en catalan.<\/em><\/p>\n<\/div>\n<p><a href=\"https:\/\/www.mercatflor.cat\/wp-content\/uploads\/2019\/11\/Santoral-Hivern.jpg\"><img loading=\"lazy\" decoding=\"async\" class=\"alignnone wp-image-11638 size-full\" src=\"https:\/\/www.mercatflor.cat\/wp-content\/uploads\/2019\/11\/Santoral-Hivern.jpg\" alt=\"\" width=\"1500\" height=\"1056\" srcset=\"https:\/\/www.mercatflor.cat\/wp-content\/uploads\/2019\/11\/Santoral-Hivern.jpg 1500w, https:\/\/www.mercatflor.cat\/wp-content\/uploads\/2019\/11\/Santoral-Hivern-214x151.jpg 214w, https:\/\/www.mercatflor.cat\/wp-content\/uploads\/2019\/11\/Santoral-Hivern-300x211.jpg 300w, https:\/\/www.mercatflor.cat\/wp-content\/uploads\/2019\/11\/Santoral-Hivern-768x541.jpg 768w, https:\/\/www.mercatflor.cat\/wp-content\/uploads\/2019\/11\/Santoral-Hivern-1024x721.jpg 1024w\" sizes=\"auto, (max-width: 1500px) 100vw, 1500px\" \/><\/a><\/p>\n<p><a href=\"https:\/\/www.mercatflor.cat\/wp-content\/uploads\/2019\/11\/Santoral-Primavera.jpg\"><img loading=\"lazy\" decoding=\"async\" class=\"alignnone wp-image-11642 size-full\" src=\"https:\/\/www.mercatflor.cat\/wp-content\/uploads\/2019\/11\/Santoral-Primavera.jpg\" alt=\"\" width=\"1500\" height=\"1064\" srcset=\"https:\/\/www.mercatflor.cat\/wp-content\/uploads\/2019\/11\/Santoral-Primavera.jpg 1500w, https:\/\/www.mercatflor.cat\/wp-content\/uploads\/2019\/11\/Santoral-Primavera-214x152.jpg 214w, https:\/\/www.mercatflor.cat\/wp-content\/uploads\/2019\/11\/Santoral-Primavera-300x213.jpg 300w, https:\/\/www.mercatflor.cat\/wp-content\/uploads\/2019\/11\/Santoral-Primavera-768x545.jpg 768w, https:\/\/www.mercatflor.cat\/wp-content\/uploads\/2019\/11\/Santoral-Primavera-1024x726.jpg 1024w\" sizes=\"auto, (max-width: 1500px) 100vw, 1500px\" \/><\/a><\/p>\n<p><a href=\"https:\/\/www.mercatflor.cat\/wp-content\/uploads\/2019\/11\/Santoral-Estiu.jpg\"><img loading=\"lazy\" decoding=\"async\" class=\"alignnone wp-image-11634 size-full\" src=\"https:\/\/www.mercatflor.cat\/wp-content\/uploads\/2019\/11\/Santoral-Estiu.jpg\" alt=\"\" width=\"1500\" height=\"1061\" srcset=\"https:\/\/www.mercatflor.cat\/wp-content\/uploads\/2019\/11\/Santoral-Estiu.jpg 1500w, https:\/\/www.mercatflor.cat\/wp-content\/uploads\/2019\/11\/Santoral-Estiu-214x151.jpg 214w, https:\/\/www.mercatflor.cat\/wp-content\/uploads\/2019\/11\/Santoral-Estiu-300x212.jpg 300w, https:\/\/www.mercatflor.cat\/wp-content\/uploads\/2019\/11\/Santoral-Estiu-768x543.jpg 768w, https:\/\/www.mercatflor.cat\/wp-content\/uploads\/2019\/11\/Santoral-Estiu-1024x724.jpg 1024w\" sizes=\"auto, (max-width: 1500px) 100vw, 1500px\" \/><\/a><\/p>\n<p><a href=\"https:\/\/www.mercatflor.cat\/wp-content\/uploads\/2019\/11\/Santoral-Tardor.jpg\"><img loading=\"lazy\" decoding=\"async\" class=\"alignnone wp-image-11646 size-full\" src=\"https:\/\/www.mercatflor.cat\/wp-content\/uploads\/2019\/11\/Santoral-Tardor.jpg\" alt=\"\" width=\"1500\" height=\"1065\" srcset=\"https:\/\/www.mercatflor.cat\/wp-content\/uploads\/2019\/11\/Santoral-Tardor.jpg 1500w, https:\/\/www.mercatflor.cat\/wp-content\/uploads\/2019\/11\/Santoral-Tardor-214x152.jpg 214w, https:\/\/www.mercatflor.cat\/wp-content\/uploads\/2019\/11\/Santoral-Tardor-300x213.jpg 300w, https:\/\/www.mercatflor.cat\/wp-content\/uploads\/2019\/11\/Santoral-Tardor-768x545.jpg 768w, https:\/\/www.mercatflor.cat\/wp-content\/uploads\/2019\/11\/Santoral-Tardor-1024x727.jpg 1024w\" sizes=\"auto, (max-width: 1500px) 100vw, 1500px\" \/><\/a><\/p>\n","protected":false},"excerpt":{"rendered":"<p>Martyrologes Cette ann\u00e9e les Martyrologes sont trimestrielles! Cliquez sur les images et vous verrez les martyrologes plus grands. Si vous voulez une copie imprim\u00e9e pour votre magasin de fleurs ou jardinerie, vous pouvez passer par le march\u00e9 pour le chercher! (Vous devez \u00eatre enregistr\u00e9 et avoir votre carte d\u2019acheteur.) Ces calendriers sont seulement \u00e9dit\u00e9es en [&hellip;]<\/p>\n","protected":false},"author":6,"featured_media":0,"parent":564,"menu_order":0,"comment_status":"closed","ping_status":"closed","template":"page_without_news.php","meta":{"footnotes":""},"class_list":["post-573","page","type-page","status-publish","hentry"],"aioseo_notices":[],"_links":{"self":[{"href":"https:\/\/www.mercatflor.cat\/fr\/wp-json\/wp\/v2\/pages\/573","targetHints":{"allow":["GET"]}}],"collection":[{"href":"https:\/\/www.mercatflor.cat\/fr\/wp-json\/wp\/v2\/pages"}],"about":[{"href":"https:\/\/www.mercatflor.cat\/fr\/wp-json\/wp\/v2\/types\/page"}],"author":[{"embeddable":true,"href":"https:\/\/www.mercatflor.cat\/fr\/wp-json\/wp\/v2\/users\/6"}],"replies":[{"embeddable":true,"href":"https:\/\/www.mercatflor.cat\/fr\/wp-json\/wp\/v2\/comments?post=573"}],"version-history":[{"count":17,"href":"https:\/\/www.mercatflor.cat\/fr\/wp-json\/wp\/v2\/pages\/573\/revisions"}],"predecessor-version":[{"id":11653,"href":"https:\/\/www.mercatflor.cat\/fr\/wp-json\/wp\/v2\/pages\/573\/revisions\/11653"}],"up":[{"embeddable":true,"href":"https:\/\/www.mercatflor.cat\/fr\/wp-json\/wp\/v2\/pages\/564"}],"wp:attachment":[{"href":"https:\/\/www.mercatflor.cat\/fr\/wp-json\/wp\/v2\/media?parent=573"}],"curies":[{"name":"wp","href":"https:\/\/api.w.org\/{rel}","templated":true}]}}

<div id="header_image"><img decoding="async" src="/wp-content/uploads/2013/11/header_activitats.jpg" /></div>
<div id="content_page_title">
<div class="row">
<div id="titol_pagina" class="col-xs-12 col-md-3">
<p>Martyrologes</p>
</div>

<div id="doble_separador_gris_titol col-md-9"></div>
</div>
<div class="col-xs-12" style="margin-bottom: 25px;">
<p><span style="color: #000000;">Cette année les Martyrologes sont trimestrielles! Cliquez sur les images et vous verrez les martyrologes plus grands.</span></p>
<p><em>Si vous voulez une copie imprimée pour votre magasin de fleurs ou jardinerie, vous pouvez passer par le marché pour le chercher! (Vous devez être enregistré et avoir votre carte d’acheteur.)</em></p>
</div>
<p><em>Ces calendriers sont seulement éditées en catalan.</em></p>
</div>
<p><a href="https://www.mercatflor.cat/wp-content/uploads/2019/11/Santoral-Hivern.jpg"><img loading="lazy" decoding="async" class="alignnone wp-image-11638 size-full" src="https://www.mercatflor.cat/wp-content/uploads/2019/11/Santoral-Hivern.jpg" alt="" width="1500" height="1056" srcset="https://www.mercatflor.cat/wp-content/uploads/2019/11/Santoral-Hivern.jpg 1500w, https://www.mercatflor.cat/wp-content/uploads/2019/11/Santoral-Hivern-214x151.jpg 214w, https://www.mercatflor.cat/wp-content/uploads/2019/11/Santoral-Hivern-300x211.jpg 300w, https://www.mercatflor.cat/wp-content/uploads/2019/11/Santoral-Hivern-768x541.jpg 768w, https://www.mercatflor.cat/wp-content/uploads/2019/11/Santoral-Hivern-1024x721.jpg 1024w" sizes="auto, (max-width: 1500px) 100vw, 1500px" /></a></p>
<p><a href="https://www.mercatflor.cat/wp-content/uploads/2019/11/Santoral-Primavera.jpg"><img loading="lazy" decoding="async" class="alignnone wp-image-11642 size-full" src="https://www.mercatflor.cat/wp-content/uploads/2019/11/Santoral-Primavera.jpg" alt="" width="1500" height="1064" srcset="https://www.mercatflor.cat/wp-content/uploads/2019/11/Santoral-Primavera.jpg 1500w, https://www.mercatflor.cat/wp-content/uploads/2019/11/Santoral-Primavera-214x152.jpg 214w, https://www.mercatflor.cat/wp-content/uploads/2019/11/Santoral-Primavera-300x213.jpg 300w, https://www.mercatflor.cat/wp-content/uploads/2019/11/Santoral-Primavera-768x545.jpg 768w, https://www.mercatflor.cat/wp-content/uploads/2019/11/Santoral-Primavera-1024x726.jpg 1024w" sizes="auto, (max-width: 1500px) 100vw, 1500px" /></a></p>
<p><a href="https://www.mercatflor.cat/wp-content/uploads/2019/11/Santoral-Estiu.jpg"><img loading="lazy" decoding="async" class="alignnone wp-image-11634 size-full" src="https://www.mercatflor.cat/wp-content/uploads/2019/11/Santoral-Estiu.jpg" alt="" width="1500" height="1061" srcset="https://www.mercatflor.cat/wp-content/uploads/2019/11/Santoral-Estiu.jpg 1500w, https://www.mercatflor.cat/wp-content/uploads/2019/11/Santoral-Estiu-214x151.jpg 214w, https://www.mercatflor.cat/wp-content/uploads/2019/11/Santoral-Estiu-300x212.jpg 300w, https://www.mercatflor.cat/wp-content/uploads/2019/11/Santoral-Estiu-768x543.jpg 768w, https://www.mercatflor.cat/wp-content/uploads/2019/11/Santoral-Estiu-1024x724.jpg 1024w" sizes="auto, (max-width: 1500px) 100vw, 1500px" /></a></p>
<p><a href="https://www.mercatflor.cat/wp-content/uploads/2019/11/Santoral-Tardor.jpg"><img loading="lazy" decoding="async" class="alignnone wp-image-11646 size-full" src="https://www.mercatflor.cat/wp-content/uploads/2019/11/Santoral-Tardor.jpg" alt="" width="1500" height="1065" srcset="https://www.mercatflor.cat/wp-content/uploads/2019/11/Santoral-Tardor.jpg 1500w, https://www.mercatflor.cat/wp-content/uploads/2019/11/Santoral-Tardor-214x152.jpg 214w, https://www.mercatflor.cat/wp-content/uploads/2019/11/Santoral-Tardor-300x213.jpg 300w, https://www.mercatflor.cat/wp-content/uploads/2019/11/Santoral-Tardor-768x545.jpg 768w, https://www.mercatflor.cat/wp-content/uploads/2019/11/Santoral-Tardor-1024x727.jpg 1024w" sizes="auto, (max-width: 1500px) 100vw, 1500px" /></a></p>

<p>Martyrologes Cette année les Martyrologes sont trimestrielles! Cliquez sur les images et vous verrez les martyrologes plus grands. Si vous voulez une copie imprimée pour votre magasin de fleurs ou jardinerie, vous pouvez passer par le marché pour le chercher! (Vous devez être enregistré et avoir votre carte d’acheteur.) Ces calendriers sont seulement éditées en [&hellip;]</p>
